+ 33*v - 16. Let l be h(25). Let j = l - 179. Let p(s) = 5*s**2 - 3*s - s**3 - 3 + 0 + 4. Give p(j).
-14
Let v = 10780 + -10774. Let g(p) = -p**3 + 6*p**2 - 2*p - 7. Determine g(v).
-19
Let p(r) be the first derivative of 8/3*r**3 - 4*r + 9 - 1/4*r**4 - 2*r**2. Calculate p(7).
17
Let i be ((-3)/(-6))/(1*2/20). Suppose -2*g + 18 = -n - 3*n, 3*g - 5 = -i*n. Suppose -6*d - 2 = -g*d. Let s(r) = -2*r**2 + 2*r + 2. What is s(d)?
-10
Let x(z) = -3*z**2 + 6*z - 5. Let f(r) = r**2 + 1. Let t = -331 + 332. Let u(y) = t*x(y) + 4*f(y). Give u(-6).
-1
Let r be 1*2/(1*-2). Let a be (r - 0)/((-4)/20). Let o(w) = -w + 151. Let n(h) = 2*h - 153. Let f(p) = -n(p) - o(p). Calculate f(a).
-3
Let t(w) be the second derivative of -w**4/12 - 5*w**3/6 - 7*w**2 + 79*w - 5. What is t(-4)?
-10
Let m be -13 - (1 - 8) - (-3 - 3). Let i(n) = -2*n**2 + 6*n - 6. What is i(m)?
-6
Let m(w) = w**3 - 11*w**2 - 11*w - 15. Let y = 10027 - 10015. What is m(y)?
-3
Let h(p) be the second derivative of 0 + 1/2*p**3 + 1/12*p**4 + 11*p - 1/2*p**2. Suppose 6*z - 7*z = 4. What is h(z)?
3
Let b = -116 - -118. Suppose 22 = -2*d - 4*x, b*d = 2*x - 0*x + 2. Let i(a) = -a**2 - a - 3. Give i(d).
-9
Suppose 6192*o - 11 = 6193*o + 2*s, -5*o - 37 = 4*s. Let x(j) = -90*j - 454. What is x(o)?
-4
Let f(a) be the first derivative of a**4/4 - 2*a**3/3 - 5*a**2/2 - a - 1109. Calculate f(5).
49
Let w = -72 + 88. Suppose -w*k + 15 = -11*k. Let h(d) = 2 - d - 3*d**2 - d**k + 0 - 5. Calculate h(-3).
0
Let w = -3896 + 3902. Let n(d) = -d**3 + 2*d**2 + 24*d + 13. Give n(w).
13
Let k = -899 - -1236. Let x = -330 + k. Let o(f) = -f**2 + 7*f - 5. What is o(x)?
-5
Let u(w) be the first derivative of -13*w**4/2 - 2*w**3/3 - w**2/2 + 509. Let k(v) = -v**3 + 7*v**2 + 8*v - 1. Let r be k(8). Determine u(r).
25
Let x = 1457 - 1464. Let t(b) = -2*b + 21. Give t(x).
35
Suppose -d - 3*q + 5 = 0, -4*q = -5*d + 6 - 19. Let y = 127 + -116. Let w(v) = y*v - 9*v + 7*v**2 - v. Calculate w(d).
6
Suppose 0 = -5*b + 3*z - 37, -21*b - 3*z = -24*b - 21. Let k(c) = -c**3 - 6*c**2 + 6*c - 9. Calculate k(b).
71
Let b(f) = f**2 + 13. Let z(q) = -q**2 - 3*q + 18. Let g be z(-6). Suppose g = 10*l - 19 - 1. Suppose -l*t = -5*t + 4*t. Calculate b(t).
13
Let d(a) = a**3 + 25*a**2 - 147*a + 93. Let h be d(-30). Let p(j) = 3*j**2 + 3*j + j**2 + 3 + j**3 - 8*j - 5*j**2. What is p(h)?
6
Let w(x) = -7*x + 5. Let r be (-528)/66 + (2 - 1)*8. Determine w(r).
5
Let o(u) = 2*u**2 - 3*u. Let y(l) = 327*l - 1960. Let t be y(6). Calculate o(t).
2
Let f(c) be the second derivative of c**4/12 + c**3/2 - 9*c**2/2 - 234*c + 2. Determine f(-4).
-5
Let i(c) = c**2 + 27*c - 279. Let y = 94 - 86. Give i(y).
1
Suppose 4*s + 3 = -1. Let y be 1/(-3 + (-2)/s). Let v(j) be the second derivative of 5*j**3/3 - j**2/2 + 476*j. Give v(y).
-11
Let k(i) = -223 - i + 70 + 96 + 79. Determine k(-8).
30
Let b(m) = -20*m - 17. Let o(v) = 27*v + 19. Let u(j) = -4*b(j) - 3*o(j). Give u(4).
7
Suppose 0 = 2*v + 3*l + 54, 3*v - 12*l = -8*l - 47. Let p(u) = -u**2 - 23*u - 59. Give p(v).
-17
Let x(s) = -2*s**3 + 74*s**2 - 5*s + 11. Let t(z) = -10*z**2 - 2. Let j(u) = 8*t(u) + x(u). Determine j(-4).
47
Let c(l) = -36 - 1534*l - 431 + 1639*l - 55. Calculate c(5).
3
Let d(l) = -3*l - l + l**2 + l - 8 + 9*l. Let t(f) = -f**3 + 4*f**2 + 12*f - 6. Let s be -9*(16/(-6) + 2). Let h be t(s). Determine d(h).
-8
Let f = 12 - 8. Suppose 4*u - u + f = 5*a, 3*u = -9. Let n(l) be the first derivative of 3*l**2/2 - l + 1421. What is n(a)?
-4
Let d(p) = p**2 + 4. Suppose 0 = 43659*t - 43718*t + 118. Calculate d(t).
8
Let u = -1618 + 1611. Let h(g) = -g - 11. Let n(d) = 1. Let o(i) = -h(i) + 5*n(i). Give o(u).
9
Let y(a) = 90 - 85 + 0*a**3 - a**3 + 3*a + 0*a**3 - 5*a**2. What is y(-4)?
-23
Let n = -34 - -37. Suppose -o + 3 = l, 4*l - n*l - 3 = 3*o. Let c(p) = -11*p**2 + 1 + 12*p**2 + 2 + o + 5*p. Calculate c(-4).
-1
Let j(v) = 3 + 0 - 2*v + 2*v**2 + 2 - 6. Let g be (6 + 10)*(-4)/(-8). Suppose g*o = -9 - 15. Calculate j(o).
23
Let c(o) be the second derivative of o**5/20 + o**4/4 - o**3/2 + 9*o**2/2 + 32*o. What is c(-4)?
5
Let k(y) = -2*y - 61. Suppose -r - 2 = 0, 2*q = -18*r + 20*r - 54. What is k(q)?
-3
Let p = 7 - 5. Let s(o) = 11*o + 2. Let y be (0 + -5)*2/(-15)*3. Let a(c) = 27*c + 5. Let w(i) = y*a(i) - 5*s(i). Determine w(p).
-2
Let u(r) = -3*r**2 - 4*r + 51. Let i be u(-5). Let l(b) = b**3 + 4*b**2 - 2*b - 7. Calculate l(i).
1
Let y(j) = 30*j**2 - 11*j**2 + 41 - 223*j + 216*j - 18*j**2 - 46. Let n(f) = -f. Let r be n(3). Let h be (-1 - r) + 5 + 0. Give y(h).
-5
Let l(r) = -613*r**2 - 636*r**2 + 1226*r**2 - 9*r + 3*r**3 + 17. Give l(8).
9
Suppose 5*w + 15 = 0, -3*w - 25 = 4*s + 96. Suppose -4*l = -80 - 36. Let x = l + s. Let u(i) = 20*i - 1. Give u(x).
19
Let x(w) = 2*w - 10. Suppose 4*t + 5 = 37. Let y be x(t). Let v(h) = h**3 - 6*h**2 + h + 3. What is v(y)?
9
Let q(v) = 3*v + v**2 + 2*v**2 - 2*v**2. Suppose -21*k + 46*k + 100*k + 625 = 0. Determine q(k).
10
Let d(v) be the third derivative of 11/6*v**3 + 1/24*v**4 + v**2 + 0*v + 28. Calculate d(-9).
2
Let u be 4 + 0/1 - 0. Let q(n) be the first derivative of -n**5/60 + n**3/6 + n**2/2 + 35*n - 11. Let k(d) be the second derivative of q(d). Give k(u).
-15
Let i(d) = -d**3 - d**2 - 7*d - 3. Let x be i(-3). Suppose 8 = -2*a + x. Suppose 6*h = h + 4*o + 12, -a = -4*h + o. Let s(c) = -c + 4. Calculate s(h).
0
Suppose -7*w = -3*k - 3*w + 4, 0 = -2*k - w - 1. Let p be (9 - (k - -9)) + 7. Let h(g) = -g**2 + 7*g - 6. Calculate h(p).
-6
Let c(m) be the second derivative of -m**4/24 + 4*m**3/3 - 32*m**2 - 34*m. Let z(n) be the first derivative of c(n). What is z(7)?
1
Let j(k) = 6*k + 6. Let d(n) = 7*n + 7. Let c(a) = 3*d(a) - 4*j(a). Let i be (-1 + 5 + -23)*-1. Suppose -18*u + i = -35. What is c(u)?
-12
Let l(z) = 0*z**2 - 8*z - 59 - 55 + 107 - z**2. Let o(u) = -u**2 + 12*u. Let w be o(6). Suppose 3*i + 3*i + w = 0. Give l(i).
5
Let r(w) = -w**3 + 9*w**2 + 11*w - 5. Let o(c) = 8*c - 22. Let j be o(4). Let y be r(j). Let t(s) = y*s + s**2 - 16*s + 10 + 10*s + s**3. Give t(0).
10
Let j(r) = 12*r - 107. Let m be j(-17). Let s = m + 324. Let t(a) = -a + 22. Calculate t(s).
9
Let c(d) be the third derivative of 3*d**2 + 0*d**3 + 1/15*d**5 + 0 + 16*d + 1/24*d**4. Give c(1).
5
Suppose 79*n = 17*n. Let j(x) be the second derivative of n - 1/12*x**4 + x**3 - 21*x - 7/2*x**2. Determine j(5).
-2
Suppose 12*o + 60 + 28 = 34*o. Let s(a) = -8*a**2 + 7*a + 5. Calculate s(o).
-95
Let p(q) = -7*q**2 + 11*q - 2. Let o(c) = c**2 - 3*c. Let l(b) = 5*o(b) + p(b). Give l(-2).
-2
Let n(v) = 17 + 128*v - 146*v + 27*v. Determine n(-3).
-10
Let l(d) = -d**2 + 17*d - 51. Let i be l(11). Suppose -i*j = -17*j - 4. Let t(h) = h**3 + h + 4. What is t(j)?
-6
Let b be -3 - (-3 + 4 + -7). Let o(w) = 134 + 0*w - 3*w**2 - 72 + 3*w - b*w**3 - 65. Give o(2).
-33
Let a(h) be the second derivative of 0 - 45*h + 1/3*h**3 + 6*h**2. What is a(-10)?
-8
Let r be 6/(-96)*-20*36. Let n be 8/2*(r/20)/3. Let a(w) = -3 + 5*w - 5*w**2 - 4*w**3 + 2*w**3 + 3*w**3. Determine a(n).
-6
Let d(b) be the third derivative of b**6/360 + b**5/20 - b**4/3 + 29*b**3/2 - 65*b**2. Let t(v) be the first derivative of d(v). What is t(-6)?
-8
Let b(m) = -11*m**3 - 4*m + 4. Let u(c) = -945*c - 5669. Let t be u(-6). What is b(t)?
-11
Let t(a) = 4*a - 5. Let y(m) = -23*m + 2411. Let u be y(105). Calculate t(u).
-21
Let a = -4063 + 4058. Let s(w) = -20*w - 99. Calculate s(a).
1
Let f(l) = 3*l**3 - 12*l**2 + 12*l - 14. Let n(i) = -37 - i**3 + 3*i + 36 - 3*i. Let u(q) = f(q) + 2*n(q). What is u(11)?
-5
Let b(y) = -180*y + 175. Let t be b(1). Let s(d) = 5*d + 2*d**3 - 2 - 3*d**3 + 4 - 4*d**2. Give s(t).
2
Let w(c) be the second derivative of c**5/60 - c**4/24 - 5*c**3/6 - 165*c**2/2 + 17*c. Let q(u) be the first derivative of w(u). Determine q(-3).
7
Let r(z) be the third derivative of -z**7/5040 + 7*z**6/720 + 7*z**5/60 + 11*z**2. Let t(n) be the third derivative of r(n). Let s = -54 - -59. Calculate t(s).
2
Let x(h) = -2*h**2 + 35*h + 22. Let v(n) = 4*n**2 - 72*n - 40. Let b(l) = -3*v(l) - 7*x(l). Determine b(16).
14
Suppose -65 = 5*j + 5*w, 33 = -4*j - 5*w - 16. Let s = 18 + j. Let d(k) = 62 + 2*k**s - k**3 + 6*k**2 - 8*k - 54. Calculate d(7).
1
Suppose -83*h + 76*h + 28 = 0. Let n(c) = 13*c - 5*c + c**2 + h*c - 13*c +